).
-1
Suppose -9 = 3*c - 21. Let z(n) = -3*n - c*n**2 - 1 - 1 - 1 + 36*n**3 - 37*n**3. Give z(-3).
-3
Let i be 273/26*(-2)/(-3). Let q(r) = -7 - 8*r**2 + r**3 - 3*r + 7*r + 3*r. What is q(i)?
-7
Suppose 0 = -a + 5*a - 20. Let g(h) = -2*h + 4*h**2 + 21 - 38 + 18. Let j(d) = -d**3 + 7*d**2 - 3*d + 2. Let t(i) = a*g(i) - 3*j(i). Calculate t(-1).
-4
Let p(f) = -f + 7. Let t be p(4). Let b(q) = 284*q - t*q**3 - 284*q. Let n = 4 + -5. Calculate b(n).
3
Let l(u) be the first derivative of u + 5/2*u**4 + 1/2*u**2 + 1/3*u**3 - 14. Determine l(-1).
-9
Let g(p) = p**3 - 9*p**2 - 17*p - 3. Let a be g(11). Let d = -48 + a. Let m(f) = -f**3 + 4*f**2 + f - 4. What is m(d)?
0
Suppose 7 = -5*t - 3. Let j(v) = -15 + 24 - 15*v + 16*v - 5*v**2 - 7 + 4*v**2. Determine j(t).
-4
Let i(x) = x**2 - 4*x. Let o be i(4). Let h = o - -4. Suppose 4*t + 24 = 2*c, -c = c + h*t + 8. Let k(w) = -w**3 + 4*w**2 + w + 2. What is k(c)?
6
Suppose -22 = -0*w + 11*w. Let o(h) = 9*h - 4. Give o(w).
-22
Let z be (-141)/(-20) - (-147)/(378/(-18)). Let g(q) be the second derivative of 0 - 1/2*q**3 - z*q**5 + 3*q**2 + 5/12*q**4 + 11*q. Give g(5).
-9
Let h(v) = v + 1. Suppose -4*l + 3*t - 8*t = 6, 2*l = 3*t + 8. Determine h(l).
2
Let u(d) = d**3 - 2*d**2 + 2*d - 1. Let l(v) = -3*v**3 + 14*v**2 - 16*v - 5. Let b(k) = l(k) + 4*u(k). Determine b(-7).
-2
Let o(v) = 4*v**2 - v. Suppose 5*b = -5*r, -5*r + 3*r + 5*b = 0. Suppose r*n = 4*n + 5*c + 3, -10 = 4*n - 2*c. Calculate o(n).
18
Suppose -2*h - 3*h + 2*y - 15 = 0, -20 = -4*y. Let b(s) = -24*s**2 + s. What is b(h)?
-25
Let y(x) be the first derivative of x**6/360 - x**5/15 + x**4/24 + 5*x**3 + 24. Let s(j) be the third derivative of y(j). Determine s(7).
-6
Let a(c) = -30781 + 30781 + 7*c. Determine a(2).
14
Suppose -20 = 5*o, 3*q + 43 = -3*o + 16. Let g(x) = -2*x**2 - 9*x + 6. Let r be g(q). Let h(l) = -r - 4*l**2 + 70*l - 70*l. Calculate h(-1).
-5
Let p(t) = -2 + 2 + 2 + t. Suppose 0*b + 15 = -5*b, -5*q = 5*b - 15. Calculate p(q).
8
Let o(x) = -2 + 125*x**2 - 258*x**2 + 132*x**2 + 6*x. Let u be 8/4 + (-1 - -5). Give o(u).
-2
Let a be (-14)/(-4)*2 - 13. Let v(r) = -r**3 - 7*r**2 - 3*r + 7. Calculate v(a).
-11
Let y(x) = x - 1. Let h be y(2). Let p(u) = -u**3 + 10*u**2 + 10*u + 12. Let c be p(11). Let q(i) = 8*i + c - 9*i + 9*i**2 - 4*i**2. What is q(h)?
5
Suppose 5*c = 7*c + 2. Let q(o) = -2*o**2 + 2*o + 1. Let w(v) = -v + 1. Let u(p) = c*w(p) - q(p). Determine u(2).
4
Let y(t) = -1. Let f(m) = 11 - 6 - 4 + 6 + 2*m. Let z = 34 + -33. Let l(k) = z*f(k) + 2*y(k). What is l(-5)?
-5
Let u(d) = d**3 - 3*d**2 - 1. Suppose -24*s + 47 + 25 = 0. Give u(s).
-1
Let n(z) = z**3 - 3*z**2 - 2*z. Let i = 2757 + -2755. Calculate n(i).
-8
Let g be (9/27)/(39/36 + -1). Let s(q) = 3*q - 12. Calculate s(g).
0
Let r(l) = l**2 + 11*l + 5. Suppose 6*i + 61 = 19. What is r(i)?
-23
Let m(o) = -o**3 - 11*o**2 - 11*o - 15. Let b be m(-10). Let p(j) = -j + 0*j + 4*j - j + 2 + 2*j. Give p(b).
-18
Suppose -3*w - 40 = -22. Let q(c) = -c - 8. What is q(w)?
-2
Suppose -3*p - 54 = 5*l - 20, 0 = 3*l + 2*p + 21. Suppose -z + 1 = 2*m, 4*m + 3*z = -2*z - 13. Let y(q) = -3 - m + 3 + 8 + q. What is y(l)?
0
Let j(w) = -w**3 + 4*w**2 - 3. Suppose 0*m + 7 = -m + 4*s, 0 = 3*m + 3*s - 39. Suppose -6*q + 5*g = -9*q + 1, 0 = q + 2*g. Let p be (2/q)/(3/m). Calculate j(p).
6
Let t(q) = -7*q + 50. Let s be t(7). Let i(g) = -16*g**3 - g**2 - g + 1. Give i(s).
-17
Let d(y) be the second derivative of y**3/6 - 4*y**2 - 2*y - 14. Give d(3).
-5
Let z = -9 - -19. Let x(a) = 9*a**2 + 1 + 3 - z*a**2. Let k(n) = n**3 + 2*n**2 + 2*n + 1. Let g be k(-2). What is x(g)?
-5
Let t(c) = 2 + 14*c + 4*c + 0 + 2 + 11. Determine t(-2).
-21
Let c(d) = d + 3. Let m(p) = p**3 - 20*p**2 - 22*p + 18. Suppose 3*n - 12 = 51. Let j be m(n). What is c(j)?
0
Let f(z) = z**3 - 4*z - 6. Let k(o) = -o**3 + o**2 + 4*o + 5. Let c be ((-7 + 14)/(-7))/((-1)/4). Let d(x) = c*k(x) + 3*f(x). Give d(5).
-3
Let v = 31 - 33. Let z be (1/(-2))/(1/(-8)). Let q(w) = 4*w - 2*w**2 - z*w + 1 - 2*w. Calculate q(v).
-3
Suppose -4*n + 22 = -6. Suppose l = -3*i - 2, -2*i + n*i + 10 = 0. Let z(t) = 2*t - 7*t + 6*t**2 - t**3 + t - 37 + 38. What is z(l)?
17
Let u(f) be the first derivative of -7*f**5/60 + f**4/24 - 15*f**2/2 - 3. Let v(b) be the second derivative of u(b). Give v(1).
-6
Let g(h) = h**2 - 2*h - 1. Let l be g(3). Let b be -2 - (-2 - 6)/l. Let i(a) = -5 - 4*a**b + 3 + 2 - 2*a - a**3. Determine i(-4).
8
Let s = -17 + 17. Let y(m) be the first derivative of -m**3/3 + 61. Determine y(s).
0
Let z be (-17 + 7)/(10/(-4)). Suppose -6*b = z + 2. Let n(g) = 12*g**3 + g**2 + g + 1. Give n(b).
-11
Let x be (-12)/(-66)*(-33)/(-12)*-20. Let k(a) = a**2 + 15*a + 49. What is k(x)?
-1
Let s(j) = -9*j + 67. Let d be s(7). Let r(l) = -3*l + 2 + d*l**3 - 10*l**3 + 4*l**3 + 3*l**3. Give r(-3).
-16
Let j(n) = -6*n + 5. Let i(c) = -4*c + 3. Let a(f) = 4*i(f) - 3*j(f). Determine a(4).
5
Let z(w) = w**3 + 4*w**2 + 3*w + 4. Let u(m) = 4*m**2 + 2*m + 3. Let s be u(-2). Suppose -s = 6*i - i. Determine z(i).
4
Let b(n) be the second derivative of -n**4/6 + n**2/2 - 6*n. Suppose 2*t = 4*h + 2, 5*t + 2*h + 6 = 11. Determine b(t).
-1
Let h(b) = -b**2. Suppose -4*d - 4*f = -8, -4*d - 13*f + 18*f + 17 = 0. Give h(d).
-9
Let f(a) = a**3 - 3*a**2 - a - 2. Suppose -5*w - 2 = 48. Let v(n) = 36*n - 22. Let c be v(1). Let r = c + w. Determine f(r).
10
Let y(z) = 5*z + 1. Let b = -107 - 3. Let n be (-2)/10 + 11/(b/(-12)). Give y(n).
6
Let r = -438 - -443. Let t(u) = -u**2 + 5. Give t(r).
-20
Suppose -9 = 3*h, 4*l - 8 = 4*h + 20. Let n(x) = -10*x + 4. Let t(q) = 39*q - 15. Let f be (9 + 1)*6/4. Let d(u) = f*n(u) + l*t(u). Determine d(2).
12
Let b(a) = 3*a**2 - 10*a - 10. Let t be b(5). Suppose 0*i + 5*i = -x + 23, -5*x - t = -i. Let n(y) = y**3 - 4*y**2 - 6*y - 1. Determine n(i).
-6
Let c(h) = -11*h + 2. Let a(r) = -7*r**2 - 164*r - 67. Let i be a(-23). Calculate c(i).
-20
Suppose 0 = -w + 4*w + 3. Let g = w - -2. Let v(k) be the second derivative of k**5/5 - k**4/6 + k**3/3 - k**2/2 + 18*k - 1. Give v(g).
3
Let b(z) = -z + 1. Suppose 5*l = -i + 19, -i + 5*i = -2*l - 14. Give b(i).
7
Let b(d) = -4*d + 7. Suppose -3*v - 3 = 3*g, 3*v - 179*g + 15 = -178*g. Determine b(v).
23
Let m(u) = u**3 - 6*u**2 - 8*u + 4. Let y = -88 + 95. What is m(y)?
-3
Let r(l) = 62*l - 1 + 10*l**2 + 5 + 63*l - 4*l**3 - 114*l + 3*l**3. Give r(11).
4
Let s(v) = 2*v + 14. Suppose -486 = 8*a - 390. What is s(a)?
-10
Suppose 36 = 3*j + j. Suppose 9 = -j*r + 12*r. Let o(i) = 1 - 2*i + 3 - 3 + 1. What is o(r)?
-4
Let g(u) = u**2 - 5*u + 1. Let q(h) = -3*h**2 + 15*h - 2. Let j(m) = -8*g(m) - 3*q(m). What is j(-3)?
22
Let u(w) = 2*w + 2. Let h be ((-20)/12)/(15/(-54)). Let x be h/(6/(-5)) + 2. Give u(x).
-4
Let o(i) = 65*i - 24*i - 39*i - 2 - 21*i. What is o(-2)?
36
Let d(h) = 2*h - 1. Let g(a) = a - 11. Let m be g(14). Suppose -2*p - 6 = -m*p. Give d(p).
11
Let b(x) = -2*x - 3. Let s(c) = -c - 1. Let w(i) = -5*i + 6. Let f be w(2). Let k(q) = f*b(q) + 9*s(q). Give k(3).
0
Let f be (3 - 1)/(2/(-15)*-3). Let n(w) = -2*w - 5 - 5 + f + 4. Determine n(1).
-3
Let i(r) = -3*r**2 + 3*r - 5. Let f(o) = -7*o**2 + 5*o - 10. Let l = -17 - -15. Let n(p) = l*f(p) + 5*i(p). Calculate n(4).
-1
Let j(c) = -7*c - 6*c**3 - 3*c**2 + 12*c**3 - 12 - 8*c**2 - 5*c**3 - 4*c. What is j(12)?
0
Let x(m) = m**3 - 5*m**2 + 1. Let u(n) = n**2 - 19*n + 64. Let r be u(15). Calculate x(r).
-15
Let o(t) = -t**2 - 2*t + 3. Let v = 0 - -1. Let b(k) be the third derivative of k**3/6 + 5*k**2 - 8*k. Let w(y) = v*o(y) - 4*b(y). Give w(-2).
-1
Suppose -j = 3 + 2. Let a = j + 0. Let i(w) = -3*w**3 + 15*w**2 + 2*w - 10. Let p(m) = -2*m**3 + 8*m**2 + m - 5. Let b(v) = -3*i(v) + 5*p(v). Determine b(a).
10
Let j(m) = -m. Let i = -61 + 72. Let c(f) = -f + 12. Let k be c(i). Give j(k).
-1
Let u(b) = 7*b**2 + 2. Let t(o) = 36*o**2 + 27*o + 37. Let r(i) = -t(i) + 5*u(i). What is r(-26)?
-1
Let f(d) be the first derivative of -d**5/60 - 7*d**4/24 - 8*d**2 + 34. Let w(m) be the second derivative of f(m). Determine w(-8).
-8
Let q(y) = -y + 1. Let u(s) = s**2 - 9*s - 8. Let g be u(10). Suppose g*n = 6*n. Calculate q(n).
1
Let n be (-3248)/(-80) - (-3)/(-5). Suppose 7*f - n = -3*f. Let l(h) = h**3 - 5*h**2 + 3*h - 6. What is l(f)?
-10
Let l(a) be the sec